
31
Calculate the greatest common divisor of 126 and 6.
6
Calculate the highest common divisor of 104 and 806.
26
Calculate the greatest common divisor of 126 and 153.
9
Calculate the highest common factor of 9913 and 92.
23
What is the highest common factor of 64 and 80?
16
What is the highest common divisor of 137 and 2192?
137
What is the greatest common divisor of 342 and 114?
114
What is the highest common divisor of 148 and 6956?
148
What is the greatest common divisor of 40 and 290?
10
Calculate the greatest common factor of 1 and 1568.
1
What is the greatest common divisor of 675 and 25875?
225
Calculate the greatest common divisor of 95 and 152.
19
Calculate the highest common divisor of 85 and 527.
17
Calculate the greatest common divisor of 7236 and 2948.
268
What is the highest common factor of 3365 and 5?
5
What is the highest common divisor of 462 and 66?
66
What is the highest common divisor of 2 and 314?
2
Calculate the greatest common divisor of 27 and 8559.
27
Calculate the highest common divisor of 30 and 1065.
15
Calculate the highest common factor of 22 and 506.
22
What is the highest common factor of 36 and 66?
6
What is the greatest common divisor of 1185 and 405?
15
Calculate the highest common divisor of 24 and 472.
8
Calculate the highest common factor of 259 and 9509.
37
What is the greatest common factor of 30 and 126?
6
What is the greatest common factor of 186 and 527?
31
What is the highest common factor of 3731 and 455?
91
Calculate the highest common factor of 266 and 70.
14
What is the highest common divisor of 20 and 35?
5
Calculate the highest common factor of 1089 and 66.
33
What is the greatest common factor of 136 and 10744?
136
What is the highest common factor of 196 and 28?
28
Calculate the greatest common divisor of 50 and 3550.
50
What is the highest common factor of 476 and 68?
68
What is the highest common divisor of 36550 and 34?
34
Calculate the highest common divisor of 41 and 18491.
41
What is the highest common divisor of 174 and 6?
6
Calculate the greatest common factor of 304 and 16.
16
What is the greatest common factor of 45 and 210?
15
What is the greatest common factor of 20 and 16?
4
Calculate the greatest common factor of 832 and 2548.
52
What is the greatest common divisor of 104 and 1352?
104
What is the highest common divisor of 155 and 496?
31
Calculate the greatest common divisor of 182 and 39.
13
Calculate the highest common factor of 209 and 22.
11
What is the greatest common divisor of 680 and 40?
40
What is the greatest common divisor of 29516 and 188?
188
Calculate the greatest common divisor of 19 and 11647.
19
Calculate the highest common factor of 18 and 20.
2
What is the highest common factor of 97 and 873?
97
Calculate the highest common factor of 48 and 112.
16
What is the highest common factor of 1508 and 464?
116
Calculate the highest common divisor of 92 and 48208.
92
What is the highest common factor of 60 and 495?
15
Calculate the highest common factor of 168 and 189.
21
What is the highest common factor of 5658 and 1230?
246
Calculate the greatest common factor of 19 and 38.
19
Calculate the highest common factor of 9 and 210.
3
Calculate the greatest common factor of 166 and 19256.
166
What is the highest common factor of 55 and 44?
11
Calculate the highest common factor of 19 and 1957.
19
What is the highest common divisor of 22 and 341?
11
What is the highest common factor of 4113 and 9?
9
Calculate the highest common divisor of 1160 and 9512.
232
What is the greatest common divisor of 96 and 1056?
96
Calculate the highest common divisor of 558 and 18.
18
What is the highest common divisor of 20 and 1690?
10
Calculate the greatest common factor of 20 and 880.
20
What is the greatest common divisor of 1 and 6737?
1
Calculate the greatest common divisor of 553 and 395.
79
Calculate the greatest common divisor of 230 and 560.
10
What is the greatest common factor of 1680 and 592?
16
What is the highest common divisor of 528 and 2244?
132
Calculate the highest common factor of 8 and 1944.
8
Calculate the highest common divisor of 995 and 15.
5
What is the greatest common divisor of 268 and 6164?
268
What is the highest common factor of 144 and 41568?
48
What is the highest common divisor of 3660 and 90?
30
What is the highest common factor of 20 and 740?
20
What is the highest common divisor of 285 and 4047?
57
Calculate the highest common divisor of 3540 and 135.
15
Calculate the highest common factor of 48 and 42.
6
What is the highest common factor of 331 and 42037?
331
Calculate the highest common factor of 23 and 23.
23
Calculate the highest common divisor of 15 and 785.
5
What is the highest common divisor of 2 and 64?
2
What is the greatest common factor of 12 and 1236?
12
What is the greatest common factor of 2067 and 78?
39
What is the greatest common divisor of 4958 and 402?
134
What is the greatest common factor of 50 and 1775?
25
What is the greatest common divisor of 71 and 103163?
71
What is the highest common divisor of 584 and 1314?
146
Calculate the highest common factor of 480 and 32.
32
Calculate the greatest common divisor of 34 and 1700.
34
What is the greatest common factor of 112 and 140?
28
What is the highest common divisor of 3212 and 7884?
292
Calculate the highest common factor of 176 and 3982.
22
Calculate the highest common divisor of 49 and 196.
49
What is the highest common factor of 612 and 4216?
68
What is the greatest common divisor of 1269 and 54?
27
Calculate the greatest common divisor of 657 and 18.
9
Calculate the greatest common factor of 42 and 567.
21
What is the highest common divisor of 196 and 6?
2
What is the highest common divisor of 8505 and 28?
7
Calculate the greatest common divisor of 231 and 165.
33
What is the highest common factor of 96 and 102?
6
What is the greatest common divisor of 30 and 330?
30
Calculate the greatest common factor of 79994 and 74.
74
Calculate the highest common factor of 69 and 2001.
69
What is the greatest common divisor of 24 and 6012?
12
What is the greatest common divisor of 98 and 441?
49
What is the highest common divisor of 18 and 18?
18
Calculate the highest common divisor of 308 and 112.
28
Calculate the greatest common factor of 1023 and 62.
31
Calculate the highest common divisor of 25377 and 33.
33
Calculate the greatest common divisor of 342 and 12.
6
Calculate the greatest common factor of 6210 and 230.
230
What is the highest common divisor of 189 and 108?
27
Calculate the highest common divisor of 17 and 15079.
17
What is the greatest common divisor of 252 and 4438?
14
Calculate the greatest common factor of 33919 and 107.
107
What is the greatest common factor of 451 and 11?
11
What is the greatest common factor of 210 and 3090?
30
What is the highest common divisor of 1098 and 72?
18
Calculate the highest common factor of 72149 and 77.
77
Calculate the highest common factor of 630 and 35.
35
What is the greatest common divisor of 1664 and 728?
104
Calculate the greatest common divisor of 8755 and 85.
85
Calculate the greatest common factor of 3597 and 12.
3
What is the highest common divisor of 192 and 36?
12
Calculate the highest common factor of 6 and 384.
6
Calculate the highest common divisor of 868 and 28.
28
What is the highest common factor of 52702 and 78?
26
What is the highest common factor of 3696 and 2800?
112
Calculate the highest common divisor of 750 and 1320.
30
What is the highest common factor of 165 and 5?
5
Calculate the highest common divisor of 64 and 2336.
32
Calculate the greatest common factor of 2585 and 1595.
55
Calculate the greatest common divisor of 233 and 9320.
233
Calculate the highest common divisor of 56 and 4088.
56
What is the highest common divisor of 64 and 200?
8
What is the highest common factor of 101 and 2828?
101
What is the highest common factor of 26 and 9217?
13
What is the highest common divisor of 1472 and 800?
32
Calculate the highest common factor of 5050 and 20.
10
What is the greatest common divisor of 41 and 4100?
41
What is the greatest common divisor of 252 and 63?
63
What is the greatest common factor of 432 and 22248?
216
What is the greatest common factor of 1343 and 119?
17
What is the highest common facto